1). Calculate the greatest common divisor of q and l.
16
Let n(o) = -51*o + 12. Suppose 3*k + s = -1 - 9, 4*k + 3*s + 15 = 0. Let a be n(k). What is the greatest common divisor of 60 and a?
15
Suppose 6*q + 33 = 27. Let r be -2 + (60/10 - (1 + q)). Let y(h) = 6*h - 11. Let i be y(r). Calculate the greatest common divisor of i and 104.
13
Suppose 2*b + 10*b - 960 = 0. Let w = 15 + b. Calculate the greatest common divisor of 38 and w.
19
Suppose -54*p - 17 = -55*p + 2*d, 0 = -6*d. Let a = -377 - -666. What is the greatest common factor of p and a?
17
Let r(k) = -k + 1. Let h be r(-2). Let s(g) = -g**3 + 5*g**2 - 3*g + 1. Let p be s(h). Let z = -4526 - -4541. What is the greatest common divisor of p and z?
5
Let m = -240 - -251. Suppose -x + 21 = 4*s + 5, 5*x = 3*s + m. Calculate the greatest common divisor of 32 and s.
1
Let x be (-10070)/530 - -1*7929. What is the highest common factor of x and 560?
70
Let j = -309 - -312. Suppose 3*i - 4*i = -200. Suppose 0 = -4*c - 68 + i. What is the highest common factor of c and j?
3
Let c = 2204 + -2201. What is the greatest common divisor of 1011 and c?
3
Suppose -847 = -5*h + 193. Let j(z) be the second derivative of 4*z**3/3 - 15*z**2 - 43*z - 1. Let w be j(7). Calculate the greatest common factor of w and h.
26
Let r be 1*-2 + (1 - 3) + 8. Suppose 4*u = 5*z + 212, r*z - 32 = -0*u - u. Let x = -34 + u. What is the highest common factor of x and 21?
7
Let s = -2271 - -2666. Calculate the highest common divisor of 15 and s.
5
Let q = -4905 - -7863. What is the highest common factor of q and 204?
102
Let k = -7606 + 7812. Calculate the greatest common factor of 3 and k.
1
Let q = 957 + -936. Suppose 4*x - 474 = -5*t + 623, 815 = 3*x - 4*t. What is the highest common divisor of q and x?
21
Let d = 17436 + -11154. What is the greatest common divisor of d and 90?
18
Let n be 161/5 + (6 - -3*(-442)/255). What is the highest common divisor of n and 168?
3
Suppose 22*c + 268 = -5*x + 25*c, -3*c - 12 = 0. Let u = 108 + x. What is the greatest common divisor of u and 12?
4
Let t be (-19124)/(-35) - (4/10)/1. What is the highest common divisor of 168 and t?
42
Suppose -78*v = 129*v - 636527 - 256057. Calculate the greatest common factor of v and 77.
77
Let c = -22 - -43. Let h(x) = -x**2 + 6*x + 241 - 120 - 130 + 29*x**3. Let s be h(2). What is the highest common divisor of s and c?
21
Suppose -29*g + 25*g = 8, 5*r - 686 = -2*g. What is the highest common divisor of r and 1242?
138
Let t = -92 - -94. Suppose -346 - 134 = -t*l. Let a be (108/(-21))/(6/(-28)). Calculate the highest common divisor of l and a.
24
Let t be 18/(-2 - (-18)/8). Let d be (-2)/(-12)*-2 - 3115/105. Let p(a) = a**2 + 37*a + 228. Let s be p(d). What is the greatest common divisor of t and s?
18
Let k = 6693 + -6589. Calculate the greatest common divisor of k and 5512.
104
Suppose -8*o + 395 = -645. Suppose -4*j + 12 + 12 = 0. Suppose -j - 20 = -a. Calculate the greatest common divisor of o and a.
26
Suppose 109*r = 105*r - 5*t + 16114, 4*t = 8. Calculate the greatest common divisor of 66 and r.
66
Let m be (-17150)/25725 - -5*1*32/6. Let d(c) = 13*c**2 + 2*c + 3. Let b be d(5). Calculate the highest common factor of b and m.
26
Let w(q) = -15*q**3 + 10*q**2 + 30*q + 3. Let o be w(-3). Calculate the highest common factor of o and 480.
24
Let u be 6/2*(16 + -6 + 0). Let b = -5 - -5. Suppose 6*j - 11*j + u = b. What is the highest common divisor of j and 54?
6
Suppose -54*j = -987 + 285. Calculate the highest common divisor of j and 364.
13
Let p = -119 - -121. Suppose -3*h + 56 = p*m, 0 = -3*h + 5*m - 3 + 73. What is the highest common divisor of 10 and h?
10
Suppose -310 = -5*b + 5*r, -5*b + 3*r + 251 = -b. Suppose 5*w = -8*w + b. What is the greatest common factor of 45 and w?
5
Suppose 0 = 4*i + 5*m - 1452, -4*m = -4*i - 6*m + 1452. Calculate the greatest common divisor of i and 7865.
121
Let q = -38 - -86. Suppose 4*v = 2*t - 12, 0*t = 3*t - 3*v - 12. Let a be 5/((-15)/(-8))*54/t. What is the highest common factor of a and q?
24
Let g be 56/(-32) + 696/32. What is the greatest common divisor of g and 1420?
20
Suppose 3*i - 6 = -3, 0 = 3*p + 2*i - 2. Suppose 5*z + p*y = -4*y - 57, -5*z + 3*y - 36 = 0. Let n = 4 - z. Calculate the highest common divisor of 117 and n.
13
Let b be -1*546/(-65)*(3 + 2). What is the greatest common factor of 2814 and b?
42
Let p = -4692 + 4882. Calculate the highest common factor of 760 and p.
190
Let k be (-1 - (-1)/2)*-34. Suppose -340 = -k*l - 3*l. What is the greatest common factor of 544 and l?
17
Let d = -2437 - -2527. Calculate the highest common divisor of d and 14.
2
Let m(s) = 271*s + 1364. Let d be m(-5). Calculate the highest common divisor of 195 and d.
3
Let h = -184 - -7. Let x = 247 + h. Calculate the greatest common factor of 154 and x.
14
Let d(z) = 23*z + 5. Let a be d(5). Let s be (0/30)/(1 - -2). Suppose 0 = 2*g - 2*t - 74, -g + s*t + 43 = t. What is the greatest common factor of g and a?
40
Let l(u) = 8*u**3 + 10*u**2 + 27*u - 28. Let q be l(6). Calculate the greatest common divisor of 165 and q.
11
Suppose -2*w - 13*r - 90 = 0, -6*r - 5 = -3*w - 8*r. What is the greatest common divisor of 4319 and w?
7
Let v be (5 + 199/(-5))/((-9)/(-30)). Let b be v/(-232)*(0/1 - -90). Calculate the greatest common factor of b and 63.
9
Let f = -12831 - -13224. What is the highest common divisor of f and 3799?
131
Let r be (84/15)/(1386/1980). Calculate the greatest common divisor of r and 3860.
4
Let s = -228 - -245. Suppose -4*m - 130 + 674 = 0. What is the highest common divisor of m and s?
17
Suppose 0 = -5*s + 2*x - 4*x - 2462, -486 = s + 2*x. Let k = -297 - s. Suppose -9*v = 71 - k. Calculate the highest common divisor of v and 126.
14
Let z = 52 - 49. Suppose -z*t + 11 = -4*p + 2*t, 0 = 3*p + t - 6. Let n be (1 - 2)/(p*(-2)/22). What is the highest common factor of 99 and n?
11
Let z(w) = 40*w - 388. Let y be z(10). Suppose -n + 372 = 48. What is the greatest common divisor of n and y?
12
Let y(p) = -37*p + 2737. Let a be y(55). What is the highest common factor of a and 1566?
54
Let j(m) = -3*m**3 - 3*m**2 - 2*m - 1. Let b be j(-2). Suppose -337 - 293 = -7*h. Suppose -h = 15*c - 17*c. Calculate the greatest common factor of b and c.
15
Let b be (3 + 758/(-10))/((-8)/20). Suppose -b = -9*g + 205. What is the highest common factor of 129 and g?
43
Suppose 0 = 172*b - 166*b - 648. Let p be b/3 + (8 - 10). What is the greatest common factor of 34 and p?
34
Let r be 2220/24 - -4 - (-3)/(-2). What is the highest common divisor of r and 40?
5
Let v be (3/(-2) + -1)*702/(-65). Suppose 5*c - v + 17 = 0. Calculate the greatest common divisor of c and 118.
2
Let v(d) = 16*d**2 - 7*d**2 - 17 + 13*d**2 + d. Let m be v(3). Calculate the highest common factor of 32 and m.
8
Let i = 39739 - 39682. Suppose 4*w - f = 2*f + 216, 110 = 2*w - f. What is the greatest common divisor of w and i?
57
Let m(t) = t**3 - 54*t**2 - 51*t - 180. Let p be m(55). Calculate the highest common factor of 1880 and p.
40
Suppose 5*j - 7529 = 27*w - 29*w, -5*j = 35. Calculate the highest common factor of 186 and w.
62
Let d = 20 + 77. Let b be d/3 - (-74)/111. What is the greatest common factor of 11 and b?
11
Let t = 1002 - 997. Let q be -33*t*8/(-120). Calculate the highest common divisor of 88 and q.
11
Suppose 4*i + a = -50, 33 = -5*i + 4*a - 19. Let m be 6/i + (-3)/(-6)*3. Let d(o) = -o - 6. Let r be d(-8). What is the greatest common divisor of m and r?
1
Let c be (-47)/(-94) + (-90)/(-4). Suppose -c*m - 1 = -24*m. Calculate the highest common factor of m and 28.
1
Let x = 1582 + -1301. Calculate the greatest common divisor of 44960 and x.
281
Let d be (-6)/4 + 36/8. Suppose 5*b - d*k = 3*b + 147, 3*b - 5*k - 219 = 0. What is the greatest common factor of 12 and b?
6
Let o = 263 - 257. Let g be -3 + (200/3 + o)*12. What is the greatest common divisor of g and 22?
11
Suppose -658 = -3*u + 894*k - 892*k, -5*k - 189 = -u. Calculate the greatest common factor of u and 2336.
32
Suppose -5*p = 2*y - 0*p - 79, 0 = 5*y - 3*p - 275. Suppose -y = -11*q + 69. What is the greatest common factor of q and 484?
11
Let b(t) = 6*t**2 - 479*t + 16047. Let j be b(37). Calculate the highest common divisor of 42 and j.
14
Suppose -84*d + 83*d - 4*x